{"id":7,"date":"2019-11-15T14:11:19","date_gmt":"2019-11-15T14:11:19","guid":{"rendered":"http:\/\/www.ratasinfra.fi\/?page_id=7"},"modified":"2024-09-23T14:57:32","modified_gmt":"2024-09-23T14:57:32","slug":"etusivu","status":"publish","type":"page","link":"https:\/\/www.ratasinfra.fi\/","title":{"rendered":"Etusivu"},"content":{"rendered":"\n<p>RATAs Infra Oy on vuonna 2019 perustettu\nrakennuttajakonsulttipalveluja tuottava yritys, joka tarjoaa infra-alan\nrakennuttamis-, valvonta-, ja turvallisuuskoordinointipalveluja rautateiden ja\nmuiden infra-alojen monimuotoisiin kohteisiin investointi- ja kunnossapitoprojekteille\nsek\u00e4 hankkeille. Rakennuttajakonsulttipalveluja tarjoavan yrityksen omistajan\nPekka Lindqvistin vahvoja osaamisaloja ovat<\/p>\n\n\n\n<ul class=\"wp-block-list\">\n<li>Radan p\u00e4\u00e4llysrakennet\u00f6iden suunnitteluttamis-, rakennuttamis- ja valvontapalvelut, mukaan lukien muun infrarakentamisen laaja tuntemus rautatieymp\u00e4rist\u00f6n lis\u00e4ksi tie-, kadunrakennus- ja kunnallistekniikan puolelta.<\/li>\n\n\n\n<li>Rakennuttamispalveluiden lis\u00e4ksi yritys tarjoaa turvallisuuskoordinointipalvelua, josta yrityksen omistajalla on useiden vuosien kokemus sek\u00e4 V\u00e4yl\u00e4viraston turvallisuuskoordinaattorikoulutus hyv\u00e4ksytysti l\u00e4p\u00e4istyn\u00e4 (voimassa 12\/2025).<\/li>\n\n\n\n<li>Yrityksen omistaja Pekka Lindqvistill\u00e4 on FISE:n my\u00f6nt\u00e4m\u00e4 rakennuttajap\u00e4tevyys, RAP- Infra (12\/2015). P\u00e4tevyydelle my\u00f6nnetty jatko 2022, voimassa 12\/2029.<\/li>\n\n\n\n<li>Yritys tarjoaa asiantuntevaa, monipuolista ja tilaajan tarpeet huomioivaa eritt\u00e4in joustavaa palvelua. <\/li>\n<\/ul>\n\n\n\n<p>Mottona joustavalle palvelulle on yrityksen logossa\nhavainnollisesti esitettyn\u00e4 \u201drasvana rattaissa\u201d. <\/p>\n\n\n\n<p><strong><em>Rasvana rattaissa<\/em><\/strong> olemisen ideana yrityksess\u00e4 on moniulotteisen kokemuksen ja n\u00e4kemyksen omaaminen mm.<\/p>\n\n\n\n<ul class=\"wp-block-list\">\n<li>Rautatieymp\u00e4rist\u00f6ss\u00e4, jossa on huomioitava monien eri tekniikan alojen ja rautatieymp\u00e4rist\u00f6ss\u00e4 toimivien intressit, tarpeet ja ennen kaikkea laadukkaan ja toimivan lopputuotteen varmistaminen jokaisessa rakentamiskohteessa turvallisuudesta tinkim\u00e4tt\u00e4.<\/li>\n\n\n\n<li>\u00a0\u201dRasvana rattaissa\u201d palvelun tuottaminen on 100 % asiakkaan etujen ajamista, samalla huomioiden muut tahot ja palvelujen tuottajat ja heid\u00e4n intressins\u00e4 ja haasteensa, jolloin tuotannosta saadaan mahdollisimman joustavaa ja eteenp\u00e4in viev\u00e4\u00e4, unohtamatta sopimusteknisi\u00e4 asioita, jotka ovat rakennuttamisessa ja rakentamisessa kaiken a ja o. <\/li>\n\n\n\n<li>Rakentamisen koneistossa on monta ratasta ja kaikkien rattaiden tulee py\u00f6ri\u00e4 mahdollisimman kitkatta, siksi <strong><em>RATAs Infra Oy<\/em><\/strong>.<\/li>\n<\/ul>\n\n\n\n<p><\/p>\n","protected":false},"excerpt":{"rendered":"<p>RATAs Infra Oy on vuonna 2019 perustettu rakennuttajakonsulttipalveluja tuottava yritys, joka tarjoaa infra-alan rakennuttamis-, valvonta-, ja turvallisuuskoordinointipalveluja rautateiden ja muiden infra-alojen monimuotoisiin kohteisiin investointi- ja kunnossapitoprojekteille sek\u00e4 hankkeille. Rakennuttajakonsulttipalveluja tarjoavan yrityksen omistajan Pekka Lindqvistin vahvoja osaamisaloja ovat Mottona joustavalle palvelulle on yrityksen logossa havainnollisesti esitettyn\u00e4 \u201drasvana rattaissa\u201d. Rasvana rattaissa olemisen ideana yrityksess\u00e4 on moniulotteisen kokemuksen<\/p><\/div>\n<div class=\"blog-btn\"><a href=\"https:\/\/www.ratasinfra.fi\/\" class=\"home-blog-btn\">Lue lis\u00e4\u00e4<\/a><\/p>\n","protected":false},"author":1,"featured_media":0,"parent":0,"menu_order":0,"comment_status":"closed","ping_status":"closed","template":"","meta":{"footnotes":""},"class_list":["post-7","page","type-page","status-publish","hentry"],"_links":{"self":[{"href":"https:\/\/www.ratasinfra.fi\/index.php\/wp-json\/wp\/v2\/pages\/7","targetHints":{"allow":["GET"]}}],"collection":[{"href":"https:\/\/www.ratasinfra.fi\/index.php\/wp-json\/wp\/v2\/pages"}],"about":[{"href":"https:\/\/www.ratasinfra.fi\/index.php\/wp-json\/wp\/v2\/types\/page"}],"author":[{"embeddable":true,"href":"https:\/\/www.ratasinfra.fi\/index.php\/wp-json\/wp\/v2\/users\/1"}],"replies":[{"embeddable":true,"href":"https:\/\/www.ratasinfra.fi\/index.php\/wp-json\/wp\/v2\/comments?post=7"}],"version-history":[{"count":6,"href":"https:\/\/www.ratasinfra.fi\/index.php\/wp-json\/wp\/v2\/pages\/7\/revisions"}],"predecessor-version":[{"id":104,"href":"https:\/\/www.ratasinfra.fi\/index.php\/wp-json\/wp\/v2\/pages\/7\/revisions\/104"}],"wp:attachment":[{"href":"https:\/\/www.ratasinfra.fi\/index.php\/wp-json\/wp\/v2\/media?parent=7"}],"curies":[{"name":"wp","href":"https:\/\/api.w.org\/{rel}","templated":true}]}}